{"id":15,"date":"2021-05-14T08:18:37","date_gmt":"2021-05-14T08:18:37","guid":{"rendered":"https:\/\/sin-limite.org.ec\/index.php\/about\/"},"modified":"2025-10-17T14:02:30","modified_gmt":"2025-10-17T14:02:30","slug":"nosotros","status":"publish","type":"page","link":"https:\/\/sin-limite.org.ec\/index.php\/nosotros\/","title":{"rendered":"Nosotros"},"content":{"rendered":"\t\t<div data-elementor-type=\"wp-page\" data-elementor-id=\"15\" class=\"elementor elementor-15\">\n\t\t\t\t\t\t<section class=\"elementor-section elementor-top-section elementor-element elementor-element-9e2aff0 elementor-section-height-min-height elementor-section-boxed elementor-section-height-default elementor-section-items-middle\" data-id=\"9e2aff0\" data-element_type=\"section\" data-settings=\"{&quot;background_background&quot;:&quot;classic&quot;}\">\n\t\t\t\t\t\t\t<div class=\"elementor-background-overlay\"><\/div>\n\t\t\t\t\t\t\t<div class=\"elementor-container elementor-column-gap-no\">\n\t\t\t\t\t<div class=\"elementor-column elementor-col-100 elementor-top-column elementor-element elementor-element-3f67593\" data-id=\"3f67593\" data-element_type=\"column\">\n\t\t\t<div class=\"elementor-widget-wrap elementor-element-populated\">\n\t\t\t\t\t\t<div class=\"elementor-element elementor-element-dc4e498 elementor-hidden-mobile elementor-widget elementor-widget-heading\" data-id=\"dc4e498\" data-element_type=\"widget\" data-widget_type=\"heading.default\">\n\t\t\t\t<div class=\"elementor-widget-container\">\n\t\t\t\t\t<h1 class=\"elementor-heading-title elementor-size-default\"><br><br><br><br><br><br>Nosotros<\/h1>\t\t\t\t<\/div>\n\t\t\t\t<\/div>\n\t\t\t\t\t<\/div>\n\t\t<\/div>\n\t\t\t\t\t<\/div>\n\t\t<\/section>\n\t\t\t\t<section class=\"elementor-section elementor-top-section elementor-element elementor-element-a1fbe58 elementor-section-boxed elementor-section-height-default elementor-section-height-default\" data-id=\"a1fbe58\" data-element_type=\"section\">\n\t\t\t\t\t\t<div class=\"elementor-container elementor-column-gap-no\">\n\t\t\t\t\t<div class=\"elementor-column elementor-col-100 elementor-top-column elementor-element elementor-element-527f5ce\" data-id=\"527f5ce\" data-element_type=\"column\">\n\t\t\t<div class=\"elementor-widget-wrap elementor-element-populated\">\n\t\t\t\t\t\t<div class=\"elementor-element elementor-element-efc4863 elementor-widget elementor-widget-heading\" data-id=\"efc4863\" data-element_type=\"widget\" data-widget_type=\"heading.default\">\n\t\t\t\t<div class=\"elementor-widget-container\">\n\t\t\t\t\t<h2 class=\"elementor-heading-title elementor-size-default\">\u00bfCuales son las principales problem\u00e1ticas que combatimos?<\/h2>\t\t\t\t<\/div>\n\t\t\t\t<\/div>\n\t\t\t\t<div class=\"elementor-element elementor-element-95703c5 elementor-widget-divider--view-line elementor-widget elementor-widget-divider\" data-id=\"95703c5\" data-element_type=\"widget\" data-widget_type=\"divider.default\">\n\t\t\t\t<div class=\"elementor-widget-container\">\n\t\t\t\t\t\t\t<div class=\"elementor-divider\">\n\t\t\t<span class=\"elementor-divider-separator\">\n\t\t\t\t\t\t<\/span>\n\t\t<\/div>\n\t\t\t\t\t\t<\/div>\n\t\t\t\t<\/div>\n\t\t\t\t<section class=\"elementor-section elementor-inner-section elementor-element elementor-element-78ef0b7 elementor-section-boxed elementor-section-height-default elementor-section-height-default\" data-id=\"78ef0b7\" data-element_type=\"section\">\n\t\t\t\t\t\t<div class=\"elementor-container elementor-column-gap-no\">\n\t\t\t\t\t<div class=\"elementor-column elementor-col-50 elementor-inner-column elementor-element elementor-element-afb5dee\" data-id=\"afb5dee\" data-element_type=\"column\">\n\t\t\t<div class=\"elementor-widget-wrap elementor-element-populated\">\n\t\t\t\t\t\t<div class=\"elementor-element elementor-element-4fea4b7 elementor-widget elementor-widget-heading\" data-id=\"4fea4b7\" data-element_type=\"widget\" data-widget_type=\"heading.default\">\n\t\t\t\t<div class=\"elementor-widget-container\">\n\t\t\t\t\t<h5 class=\"elementor-heading-title elementor-size-default\">Nuestra acci\u00f3n se centra en proyectos sociales con el fin de brindar acceso a  vivienda, rehabilitaci\u00f3n de adicci\u00f3n  a estupefacientes y salud visual para las personas que mas lo necesitan.<\/h5>\t\t\t\t<\/div>\n\t\t\t\t<\/div>\n\t\t\t\t\t<\/div>\n\t\t<\/div>\n\t\t\t\t<div class=\"elementor-column elementor-col-50 elementor-inner-column elementor-element elementor-element-286d7bf\" data-id=\"286d7bf\" data-element_type=\"column\">\n\t\t\t<div class=\"elementor-widget-wrap elementor-element-populated\">\n\t\t\t\t\t\t<div class=\"elementor-element elementor-element-e3cddd3 elementor-widget elementor-widget-image\" data-id=\"e3cddd3\" data-element_type=\"widget\" data-widget_type=\"image.default\">\n\t\t\t\t<div class=\"elementor-widget-container\">\n\t\t\t\t\t\t\t\t\t\t\t\t\t\t\t<img fetchpriority=\"high\" decoding=\"async\" width=\"300\" height=\"169\" src=\"https:\/\/sin-limite.org.ec\/wp-content\/uploads\/2021\/11\/Cierre-de-YouTube-Morado-Secoya-Verde-Blanco-Crema-Beis-Melocoton-Palido-Marron-A-mano-Brillante-Abstracto-Recetas-300x169.png\" class=\"attachment-medium size-medium wp-image-685\" alt=\"\" srcset=\"https:\/\/sin-limite.org.ec\/wp-content\/uploads\/2021\/11\/Cierre-de-YouTube-Morado-Secoya-Verde-Blanco-Crema-Beis-Melocoton-Palido-Marron-A-mano-Brillante-Abstracto-Recetas-300x169.png 300w, https:\/\/sin-limite.org.ec\/wp-content\/uploads\/2021\/11\/Cierre-de-YouTube-Morado-Secoya-Verde-Blanco-Crema-Beis-Melocoton-Palido-Marron-A-mano-Brillante-Abstracto-Recetas-1024x576.png 1024w, https:\/\/sin-limite.org.ec\/wp-content\/uploads\/2021\/11\/Cierre-de-YouTube-Morado-Secoya-Verde-Blanco-Crema-Beis-Melocoton-Palido-Marron-A-mano-Brillante-Abstracto-Recetas-768x432.png 768w, https:\/\/sin-limite.org.ec\/wp-content\/uploads\/2021\/11\/Cierre-de-YouTube-Morado-Secoya-Verde-Blanco-Crema-Beis-Melocoton-Palido-Marron-A-mano-Brillante-Abstracto-Recetas-1536x864.png 1536w, https:\/\/sin-limite.org.ec\/wp-content\/uploads\/2021\/11\/Cierre-de-YouTube-Morado-Secoya-Verde-Blanco-Crema-Beis-Melocoton-Palido-Marron-A-mano-Brillante-Abstracto-Recetas-2048x1152.png 2048w\" sizes=\"(max-width: 300px) 100vw, 300px\" \/>\t\t\t\t\t\t\t\t\t\t\t\t\t\t\t<\/div>\n\t\t\t\t<\/div>\n\t\t\t\t\t<\/div>\n\t\t<\/div>\n\t\t\t\t\t<\/div>\n\t\t<\/section>\n\t\t\t\t\t<\/div>\n\t\t<\/div>\n\t\t\t\t\t<\/div>\n\t\t<\/section>\n\t\t\t\t<section class=\"elementor-section elementor-top-section elementor-element elementor-element-572f6ff elementor-section-full_width elementor-section-height-default elementor-section-height-default\" data-id=\"572f6ff\" data-element_type=\"section\" data-settings=\"{&quot;background_background&quot;:&quot;classic&quot;}\">\n\t\t\t\t\t\t<div class=\"elementor-container elementor-column-gap-no\">\n\t\t\t\t\t<div class=\"elementor-column elementor-col-100 elementor-top-column elementor-element elementor-element-e5743e3\" data-id=\"e5743e3\" data-element_type=\"column\">\n\t\t\t<div class=\"elementor-widget-wrap elementor-element-populated\">\n\t\t\t\t\t\t<div class=\"elementor-element elementor-element-94d1784 elementor-widget elementor-widget-heading\" data-id=\"94d1784\" data-element_type=\"widget\" data-widget_type=\"heading.default\">\n\t\t\t\t<div class=\"elementor-widget-container\">\n\t\t\t\t\t<h2 class=\"elementor-heading-title elementor-size-default\">Queremos reducir los indices de:<\/h2>\t\t\t\t<\/div>\n\t\t\t\t<\/div>\n\t\t\t\t<div class=\"elementor-element elementor-element-f087e9a gallery-spacing-custom elementor-widget elementor-widget-image-gallery\" data-id=\"f087e9a\" data-element_type=\"widget\" data-widget_type=\"image-gallery.default\">\n\t\t\t\t<div class=\"elementor-widget-container\">\n\t\t\t\t\t\t\t<div class=\"elementor-image-gallery\">\n\t\t\t<div id='gallery-2' class='gallery galleryid-15 gallery-columns-2 gallery-size-medium'><figure class='gallery-item'>\n\t\t\t<div class='gallery-icon portrait'>\n\t\t\t\t<img decoding=\"async\" width=\"169\" height=\"300\" src=\"https:\/\/sin-limite.org.ec\/wp-content\/uploads\/2022\/06\/1-2-169x300.png\" class=\"attachment-medium size-medium\" alt=\"\" aria-describedby=\"gallery-2-1339\" srcset=\"https:\/\/sin-limite.org.ec\/wp-content\/uploads\/2022\/06\/1-2-169x300.png 169w, https:\/\/sin-limite.org.ec\/wp-content\/uploads\/2022\/06\/1-2-576x1024.png 576w, https:\/\/sin-limite.org.ec\/wp-content\/uploads\/2022\/06\/1-2-768x1365.png 768w, https:\/\/sin-limite.org.ec\/wp-content\/uploads\/2022\/06\/1-2-864x1536.png 864w, https:\/\/sin-limite.org.ec\/wp-content\/uploads\/2022\/06\/1-2.png 1080w\" sizes=\"(max-width: 169px) 100vw, 169px\" \/>\n\t\t\t<\/div>\n\t\t\t\t<figcaption class='wp-caption-text gallery-caption' id='gallery-2-1339'>\n\t\t\t\tSalud Visual\n\t\t\t\t<\/figcaption><\/figure><figure class='gallery-item'>\n\t\t\t<div class='gallery-icon portrait'>\n\t\t\t\t<img decoding=\"async\" width=\"169\" height=\"300\" src=\"https:\/\/sin-limite.org.ec\/wp-content\/uploads\/2022\/06\/2-2-169x300.png\" class=\"attachment-medium size-medium\" alt=\"\" aria-describedby=\"gallery-2-1340\" srcset=\"https:\/\/sin-limite.org.ec\/wp-content\/uploads\/2022\/06\/2-2-169x300.png 169w, https:\/\/sin-limite.org.ec\/wp-content\/uploads\/2022\/06\/2-2-576x1024.png 576w, https:\/\/sin-limite.org.ec\/wp-content\/uploads\/2022\/06\/2-2-768x1365.png 768w, https:\/\/sin-limite.org.ec\/wp-content\/uploads\/2022\/06\/2-2-864x1536.png 864w, https:\/\/sin-limite.org.ec\/wp-content\/uploads\/2022\/06\/2-2.png 1080w\" sizes=\"(max-width: 169px) 100vw, 169px\" \/>\n\t\t\t<\/div>\n\t\t\t\t<figcaption class='wp-caption-text gallery-caption' id='gallery-2-1340'>\n\t\t\t\tDrogadicc\u00edon\n\t\t\t\t<\/figcaption><\/figure>\n\t\t<\/div>\n\t\t<\/div>\n\t\t\t\t\t\t<\/div>\n\t\t\t\t<\/div>\n\t\t\t\t<section class=\"elementor-section elementor-inner-section elementor-element elementor-element-bf4af99 elementor-section-boxed elementor-section-height-default elementor-section-height-default\" data-id=\"bf4af99\" data-element_type=\"section\">\n\t\t\t\t\t\t<div class=\"elementor-container elementor-column-gap-no\">\n\t\t\t\t\t<div class=\"elementor-column elementor-col-50 elementor-inner-column elementor-element elementor-element-6a9fd7f\" data-id=\"6a9fd7f\" data-element_type=\"column\">\n\t\t\t<div class=\"elementor-widget-wrap elementor-element-populated\">\n\t\t\t\t\t\t<div class=\"elementor-element elementor-element-9a90475 elementor-widget elementor-widget-heading\" data-id=\"9a90475\" data-element_type=\"widget\" data-widget_type=\"heading.default\">\n\t\t\t\t<div class=\"elementor-widget-container\">\n\t\t\t\t\t<h6 class=\"elementor-heading-title elementor-size-default\">Nuestra Misi\u00f3n:<\/h6>\t\t\t\t<\/div>\n\t\t\t\t<\/div>\n\t\t\t\t<div class=\"elementor-element elementor-element-6366e32 elementor-widget elementor-widget-text-editor\" data-id=\"6366e32\" data-element_type=\"widget\" data-widget_type=\"text-editor.default\">\n\t\t\t\t<div class=\"elementor-widget-container\">\n\t\t\t\t\t\t\t\t\t<p>Fundaci\u00f3n Sin Limite es una organizaci\u00f3n social que desarrolla actividades ben\u00e9ficas en Ecuador. Queremos proteger a la poblaci\u00f3n mas vulnerable otorgando vivienda y la oportunidad de mejorar su calidad de vida otorg\u00e1ndoles salud visual y la oportunidad de superar sus adiciones .<\/p>\t\t\t\t\t\t\t\t<\/div>\n\t\t\t\t<\/div>\n\t\t\t\t<div class=\"elementor-element elementor-element-f6474f5 elementor-widget elementor-widget-image\" data-id=\"f6474f5\" data-element_type=\"widget\" data-widget_type=\"image.default\">\n\t\t\t\t<div class=\"elementor-widget-container\">\n\t\t\t\t\t\t\t\t\t\t\t\t\t\t\t<img loading=\"lazy\" decoding=\"async\" width=\"1024\" height=\"1024\" src=\"https:\/\/sin-limite.org.ec\/wp-content\/uploads\/2022\/06\/2-3-1024x1024.png\" class=\"attachment-large size-large wp-image-1345\" alt=\"\" srcset=\"https:\/\/sin-limite.org.ec\/wp-content\/uploads\/2022\/06\/2-3-1024x1024.png 1024w, https:\/\/sin-limite.org.ec\/wp-content\/uploads\/2022\/06\/2-3-300x300.png 300w, https:\/\/sin-limite.org.ec\/wp-content\/uploads\/2022\/06\/2-3-150x150.png 150w, https:\/\/sin-limite.org.ec\/wp-content\/uploads\/2022\/06\/2-3-768x768.png 768w, https:\/\/sin-limite.org.ec\/wp-content\/uploads\/2022\/06\/2-3.png 1080w\" sizes=\"(max-width: 1024px) 100vw, 1024px\" \/>\t\t\t\t\t\t\t\t\t\t\t\t\t\t\t<\/div>\n\t\t\t\t<\/div>\n\t\t\t\t\t<\/div>\n\t\t<\/div>\n\t\t\t\t<div class=\"elementor-column elementor-col-50 elementor-inner-column elementor-element elementor-element-17fd042\" data-id=\"17fd042\" data-element_type=\"column\">\n\t\t\t<div class=\"elementor-widget-wrap elementor-element-populated\">\n\t\t\t\t\t\t<div class=\"elementor-element elementor-element-316e22e elementor-widget elementor-widget-heading\" data-id=\"316e22e\" data-element_type=\"widget\" data-widget_type=\"heading.default\">\n\t\t\t\t<div class=\"elementor-widget-container\">\n\t\t\t\t\t<h6 class=\"elementor-heading-title elementor-size-default\">Nuestra Visi\u00f3n:<\/h6>\t\t\t\t<\/div>\n\t\t\t\t<\/div>\n\t\t\t\t<div class=\"elementor-element elementor-element-6b9d434 elementor-widget elementor-widget-text-editor\" data-id=\"6b9d434\" data-element_type=\"widget\" data-widget_type=\"text-editor.default\">\n\t\t\t\t<div class=\"elementor-widget-container\">\n\t\t\t\t\t\t\t\t\t<p>Queremos construir un nuevo Ecuador; mas solidario, responsable e integro. Con el fin de que las siguientes generaciones de nuestro pais puedan conformar una mejor sociedad, manteniendo valores como, moral etica y responsabilidad.<\/p>\t\t\t\t\t\t\t\t<\/div>\n\t\t\t\t<\/div>\n\t\t\t\t<div class=\"elementor-element elementor-element-6532246 elementor-widget elementor-widget-image\" data-id=\"6532246\" data-element_type=\"widget\" data-widget_type=\"image.default\">\n\t\t\t\t<div class=\"elementor-widget-container\">\n\t\t\t\t\t\t\t\t\t\t\t\t\t\t\t<img loading=\"lazy\" decoding=\"async\" width=\"1024\" height=\"1024\" src=\"https:\/\/sin-limite.org.ec\/wp-content\/uploads\/2022\/06\/4-1-1024x1024.png\" class=\"attachment-large size-large wp-image-1347\" alt=\"\" srcset=\"https:\/\/sin-limite.org.ec\/wp-content\/uploads\/2022\/06\/4-1-1024x1024.png 1024w, https:\/\/sin-limite.org.ec\/wp-content\/uploads\/2022\/06\/4-1-300x300.png 300w, https:\/\/sin-limite.org.ec\/wp-content\/uploads\/2022\/06\/4-1-150x150.png 150w, https:\/\/sin-limite.org.ec\/wp-content\/uploads\/2022\/06\/4-1-768x768.png 768w, https:\/\/sin-limite.org.ec\/wp-content\/uploads\/2022\/06\/4-1.png 1080w\" sizes=\"(max-width: 1024px) 100vw, 1024px\" \/>\t\t\t\t\t\t\t\t\t\t\t\t\t\t\t<\/div>\n\t\t\t\t<\/div>\n\t\t\t\t\t<\/div>\n\t\t<\/div>\n\t\t\t\t\t<\/div>\n\t\t<\/section>\n\t\t\t\t\t<\/div>\n\t\t<\/div>\n\t\t\t\t\t<\/div>\n\t\t<\/section>\n\t\t\t\t<\/div>\n\t\t","protected":false},"excerpt":{"rendered":"<p>Nosotros \u00bfCuales son las principales problem\u00e1ticas que combatimos? Nuestra acci\u00f3n se centra en proyectos sociales con el fin de brindar acceso a vivienda, rehabilitaci\u00f3n de adicci\u00f3n a estupefacientes y salud visual para las personas que mas lo necesitan. Queremos reducir los indices de: Salud Visual Drogadicc\u00edon Nuestra Misi\u00f3n: Fundaci\u00f3n Sin Limite es una organizaci\u00f3n social [&hellip;]<\/p>\n","protected":false},"author":1,"featured_media":0,"parent":0,"menu_order":0,"comment_status":"closed","ping_status":"closed","template":"","meta":{"om_disable_all_campaigns":false,"_monsterinsights_skip_tracking":false,"_monsterinsights_sitenote_active":false,"_monsterinsights_sitenote_note":"","_monsterinsights_sitenote_category":0,"site-sidebar-layout":"no-sidebar","site-content-layout":"page-builder","ast-site-content-layout":"default","site-content-style":"default","site-sidebar-style":"default","ast-global-header-display":"","ast-banner-title-visibility":"","ast-main-header-display":"","ast-hfb-above-header-display":"","ast-hfb-below-header-display":"","ast-hfb-mobile-header-display":"","site-post-title":"disabled","ast-breadcrumbs-content":"disabled","ast-featured-img":"disabled","footer-sml-layout":"","theme-transparent-header-meta":"enabled","adv-header-id-meta":"","stick-header-meta":"","header-above-stick-meta":"","header-main-stick-meta":"","header-below-stick-meta":"","astra-migrate-meta-layouts":"default","ast-page-background-enabled":"default","ast-page-background-meta":{"desktop":{"background-color":"","background-image":"","background-repeat":"repeat","background-position":"center center","background-size":"auto","background-attachment":"scroll","background-type":"","background-media":"","overlay-type":"","overlay-color":"","overlay-opacity":"","overlay-gradient":""},"tablet":{"background-color":"","background-image":"","background-repeat":"repeat","background-position":"center center","background-size":"auto","background-attachment":"scroll","background-type":"","background-media":"","overlay-type":"","overlay-color":"","overlay-opacity":"","overlay-gradient":""},"mobile":{"background-color":"","background-image":"","background-repeat":"repeat","background-position":"center center","background-size":"auto","background-attachment":"scroll","background-type":"","background-media":"","overlay-type":"","overlay-color":"","overlay-opacity":"","overlay-gradient":""}},"ast-content-background-meta":{"desktop":{"background-color":"var(--ast-global-color-5)","background-image":"","background-repeat":"repeat","background-position":"center center","background-size":"auto","background-attachment":"scroll","background-type":"","background-media":"","overlay-type":"","overlay-color":"","overlay-opacity":"","overlay-gradient":""},"tablet":{"background-color":"var(--ast-global-color-5)","background-image":"","background-repeat":"repeat","background-position":"center center","background-size":"auto","background-attachment":"scroll","background-type":"","background-media":"","overlay-type":"","overlay-color":"","overlay-opacity":"","overlay-gradient":""},"mobile":{"background-color":"var(--ast-global-color-5)","background-image":"","background-repeat":"repeat","background-position":"center center","background-size":"auto","background-attachment":"scroll","background-type":"","background-media":"","overlay-type":"","overlay-color":"","overlay-opacity":"","overlay-gradient":""}},"_joinchat":[],"footnotes":""},"class_list":["post-15","page","type-page","status-publish","hentry"],"aioseo_notices":[],"_links":{"self":[{"href":"https:\/\/sin-limite.org.ec\/index.php\/wp-json\/wp\/v2\/pages\/15","targetHints":{"allow":["GET"]}}],"collection":[{"href":"https:\/\/sin-limite.org.ec\/index.php\/wp-json\/wp\/v2\/pages"}],"about":[{"href":"https:\/\/sin-limite.org.ec\/index.php\/wp-json\/wp\/v2\/types\/page"}],"author":[{"embeddable":true,"href":"https:\/\/sin-limite.org.ec\/index.php\/wp-json\/wp\/v2\/users\/1"}],"replies":[{"embeddable":true,"href":"https:\/\/sin-limite.org.ec\/index.php\/wp-json\/wp\/v2\/comments?post=15"}],"version-history":[{"count":105,"href":"https:\/\/sin-limite.org.ec\/index.php\/wp-json\/wp\/v2\/pages\/15\/revisions"}],"predecessor-version":[{"id":1635,"href":"https:\/\/sin-limite.org.ec\/index.php\/wp-json\/wp\/v2\/pages\/15\/revisions\/1635"}],"wp:attachment":[{"href":"https:\/\/sin-limite.org.ec\/index.php\/wp-json\/wp\/v2\/media?parent=15"}],"curies":[{"name":"wp","href":"https:\/\/api.w.org\/{rel}","templated":true}]}}